of 14 and z.
14
Let v be 1 - ((-2)/(-1))/(-2). Suppose -2*y - v = o - 4, -2*o = -2*y + 14. Let z be (-2)/o*2*9. What is the highest common divisor of 27 and z?
9
Suppose 15*b - 528 = 9*b. Calculate the highest common factor of b and 16.
8
Let b = -969 + 1608. Calculate the greatest common divisor of b and 142.
71
Suppose 29*n + 1790 = 2*c + 27*n, c - 910 = -2*n. Calculate the greatest common factor of 36 and c.
36
Suppose 15 = 4*y + p + 13, 0 = p + 2. Calculate the greatest common divisor of y and 11.
1
Let t(v) = -3*v**3 - 9*v**2 + 6*v - 9. Let h be t(-6). Calculate the greatest common factor of 124 and h.
31
Let j be 2268/(-15)*50/(-20). Calculate the greatest common factor of 126 and j.
126
Let w = 142 + -16. Suppose -171 - w = -3*q. Suppose 0 = 2*u + c - 5*c - 22, u + c = 11. Calculate the greatest common factor of q and u.
11
Suppose -16*f - 15 = -19*f. Let x = -1 + f. Calculate the highest common factor of x and 116.
4
Let c(f) = -f**2 + 33*f + 50. Let z be c(16). Calculate the highest common factor of 230 and z.
46
Let k = 420 + 54. What is the highest common factor of 79 and k?
79
Let m be -1 - 2 - 7/(7/(-5)). Let s(u) = 15*u - 1. Let c be s(m). What is the greatest common factor of 174 and c?
29
Let d = -720 + 729. Calculate the highest common factor of d and 603.
9
Let r be 4/10*(22 + -2). Let v be ((-8)/5)/(r/(-160)). Let q be (-42)/(-10) - 24/120. Calculate the highest common divisor of v and q.
4
Suppose 9*v - 15 = 4*v. Let x be (-312)/((-4)/1) - v. What is the highest common divisor of x and 30?
15
Let q = 43 - 77. Let t be 8/10 + q/5. Let m be (2/t)/(9/(-1026)). Calculate the greatest common factor of m and 228.
38
Suppose 61 = 3*n + 22. Let y be -33*1*13/3. Let m be (-1)/(1/(1*y)). Calculate the highest common factor of m and n.
13
Let l(s) = s**2 - 3*s - 6. Let a be l(7). Suppose -51 = -o - q, -o = -1001*q + 997*q - 71. Calculate the greatest common factor of a and o.
11
Suppose 10*u = 5*u + 25. Let k(l) = -l**2 + 11*l - 1. Let j be k(8). Let g = u + j. Calculate the greatest common divisor of 42 and g.
14
Suppose -5*m = -m - 124. Suppose -2*c = -181 + m. Suppose 5*b - 2*t = 3*t + c, -5*b = 4*t - 102. What is the greatest common factor of b and 36?
18
Let t = -1986 + 1990. Suppose 5*x - 28 = 5*z + 107, 3*z = -x + 31. Calculate the greatest common divisor of t and x.
4
Let l(w) = -4 - 13*w - w**2 - 2 + 0*w**2. Let c be l(-12). What is the greatest common divisor of 24 and c?
6
Suppose -6*s + 58 = 3*l - s, 58 = 4*l - 3*s. What is the highest common divisor of 84 and l?
4
Let v(n) = 439 + n**2 - 455 - 12*n - 2*n**2. Let c be v(-4). What is the greatest common factor of 16 and c?
16
Let s be (-6)/27 + 1383/27. What is the greatest common factor of 357 and s?
51
Let m = -49 - -54. Suppose 3*c = m*y - 2*c - 180, -5*y + 194 = 2*c. What is the highest common factor of 342 and y?
38
Let t(j) = j**2 - 14*j + 23. Suppose 0 = -3*k - 12 + 51. Let u be t(k). Calculate the greatest common divisor of u and 110.
10
Let a = -86 - -207. What is the highest common divisor of 11 and a?
11
Suppose -4*b = 4*j - 132, 4*b - 71 = 2*b - 3*j. Let l = 727 + -723. Calculate the greatest common factor of l and b.
4
Let z be (-9)/21*(-1 - 6). Let b be 530/3 - 2/z. Calculate the greatest common divisor of 44 and b.
44
Suppose 5*z = 3*u + 59, 2*u + 40 = 5*z - 16. Suppose 2*v = 3*r + 19, 4*v - 5 = -r + 12. Let j = r - -18. What is the highest common divisor of z and j?
5
Suppose -26*v + 46*v - 1680 = 0. What is the greatest common divisor of 140 and v?
28
Suppose -7525 = -26*m + 1029. Calculate the greatest common factor of 188 and m.
47
Suppose 5*z = -3*n + 19 - 5, 16 = 4*z. Let u be (-2)/n - (-16)/2. Suppose 11*v - 396 = 7*v. What is the highest common factor of u and v?
9
Let j(l) = 73*l - 6. Let u be j(2). Suppose 30 + u = 5*a. Let x be (-171)/(-2) + (-2)/4. Calculate the highest common factor of a and x.
17
Suppose s = -f - 50 + 285, f - 5*s = 205. Calculate the highest common divisor of 138 and f.
46
Let d = 4 + 1. Suppose -x - d*x = -912. Calculate the greatest common divisor of 8 and x.
8
Suppose 5*a - 5*b = 510, 10*b + 513 = 5*a + 6*b. Calculate the highest common factor of 1890 and a.
105
Suppose -68 = 5*y + 32. Let z = 17 + y. Let n(m) = -m**3 - m**2 + m. Let d be n(z). What is the highest common divisor of 3 and d?
3
Let t be ((-4)/5)/((-10154)/1450 + 7). What is the highest common divisor of t and 10?
10
Let c(i) = -5*i + 2567 + 2*i**2 - 35*i**3 - 2569 + 4*i. Let p be c(-1). Calculate the greatest common divisor of p and 24.
12
Suppose 80 = 3*t + 5*t. Calculate the greatest common factor of 10 and t.
10
Let m be (-2 + 3)/(3/6). Suppose m*d = 47 + 17. Suppose 38 + d = l. What is the greatest common factor of l and 10?
10
Let r be -7*((-24)/56 + (-3)/7). Let v(s) = 3*s - 9. Let i be v(r). Calculate the highest common divisor of 18 and i.
9
Let x be ((-44)/(-1))/((-3)/(-27)). Suppose -f + x = f. Let k = 1570 - 1552. What is the greatest common divisor of k and f?
18
Let c = 121 - 111. Calculate the greatest common divisor of 130 and c.
10
Let i = 502 + -420. Calculate the highest common divisor of i and 41.
41
Let p(f) = f**2 + 9*f + 2. Let z be p(-9). Suppose 0*s + 5*s + z*d - 1587 = 0, 331 = s - 3*d. What is the highest common factor of 29 and s?
29
Let t = -58 - -103. Let q = t - 28. Suppose 83 + 172 = 3*o. What is the greatest common factor of o and q?
17
Let v(r) = 2*r + 31. Let g be 8/6*(-75)/10. Let o be v(g). Calculate the highest common factor of o and 1.
1
Let q = 109 + -101. Let b(h) be the first derivative of h**3/3 + h**2/2 - h - 8. Let o be b(-2). What is the greatest common divisor of o and q?
1
Suppose 4224 = -76*t + 98*t. What is the greatest common factor of 42 and t?
6
Let z = -17 - -24. Suppose -8*s + 2 = -z*s. Suppose 211 = s*y - 9. Calculate the highest common divisor of y and 10.
10
Suppose -b + 116 = 4*w, -2*b = -4*w + 90 + 38. Let l = 9 - -3. Let s = -6 + l. What is the greatest common divisor of s and w?
6
Suppose -1188 = -6*n + 102. Suppose 2*u - 7*u = -n. Calculate the greatest common factor of 215 and u.
43
Suppose 0 = -i - i + 4*g + 68, 124 = 4*i + 4*g. Let x = 597 + -373. What is the greatest common factor of i and x?
32
Let c(v) = 2*v**3 - 11*v**2 + 6*v. Let q be c(6). Let i = 21 + -13. Calculate the highest common divisor of i and q.
8
Let p(l) = -l - 5. Let v be p(-5). Suppose 7*c - c - 54 = v. Calculate the greatest common divisor of 3 and c.
3
Let m(h) = -28*h + 2396. Let a be m(79). Let c(b) = b**3 - 4*b**2 + 5. Let s be c(5). Suppose s = 2*d - 16. Calculate the highest common factor of a and d.
23
Suppose 0*w + 135 = w - 3*p, 540 = 4*w + 5*p. Let q be 7/((-14)/4) + -8. Let i be ((-30)/20)/(1/q). Calculate the greatest common factor of w and i.
15
Let g be (-6)/5 - ((-36)/5)/1. Suppose -2*s + 4*s = 96. What is the highest common divisor of g and s?
6
Suppose -3 + 35 = 8*g. Suppose -2*a + g + 4 = 0. Let j = 48 + -28. Calculate the highest common factor of a and j.
4
Let l be (5 + 0/(-1))/(8/104). What is the greatest common factor of l and 247?
13
Suppose 2*m = -4*o + 98, 3*m - 3*o - 76 = 53. Calculate the highest common divisor of 360 and m.
45
Let a be (0/(-5))/(-2 + 4). Suppose a = -3*s + s + 114. Calculate the greatest common factor of s and 3.
3
Suppose -8 = r - 7. Suppose 23 + 7 = 3*a. Let x = a + r. What is the greatest common divisor of x and 18?
9
Suppose 360*g - 640 = 356*g. What is the highest common divisor of g and 170?
10
Let j = -367 + 538. What is the highest common factor of 323 and j?
19
Let u be 4/(-4)*(3 + 3). Let m(c) = c + 8. Let y be m(u). Suppose -3*q = 3*f - f - 11, 28 = 4*f + 4*q. Calculate the highest common factor of y and f.
2
Let k = -7 - -247. Suppose -5*w = -w - k. Let g be (2 + -26)*1/(-2). What is the highest common factor of g and w?
12
Let x = -79 - -40. Let i be x*4/(-2) - -2. Let o = 90 + -74. What is the highest common factor of i and o?
16
Let k(f) = 2*f - 2. Let o be k(-6). Let b = -11 - o. What is the highest common divisor of b and 15?
3
Let m = 29 + -27. Suppose -m*p + 4 = i, -3*i - 1 = -5*p - 2. What is the greatest common factor of p and 2?
1
Suppose r - 5*y + 17 = 0, 2*y - 10 = r - 2. Let h be ((-20)/r)/(4/2). Suppose 0 = -2*l - 3*l + 125. Calculate the greatest co